(7). Suppose 3*z - j = -4, -b = -2*z - 117. List the prime factors of b.
127
Suppose q - 695 = -4. Suppose 2335 = 12*f + q. What are the prime factors of f?
137
Let r = 323 + 43. What are the prime factors of r?
2, 3, 61
Suppose 0 = 8*a - 0. Suppose a = 3*z - 3*n - 138, 2*z - 2*n - 2*n = 98. List the prime factors of z.
43
Let w(l) = -6*l + 56. List the prime factors of w(-5).
2, 43
Let o be ((-1)/3)/(3/(-18)). Suppose y - 12 = u + o*u, 3 = -u. Suppose 5*g = 4*f - 115, -60 = -y*f - 0*f - 5*g. What are the prime factors of f?
5
Let p(a) = a. Let w(c) = -1 + 0*c - 3*c**2 - c**2 + 0 + 8*c. Let o(r) = 5*p(r) - w(r). List the prime factors of o(2).
11
Suppose 0*z + 48972 = 42*z. What are the prime factors of z?
2, 11, 53
Let b = -62 - -65. Suppose -3*c = b*c - 330. What are the prime factors of c?
5, 11
Let o be (-3)/(1*(-5)/5). Let v be 0/(o - 2/2). Suppose v*s - 330 = -6*s. What are the prime factors of s?
5, 11
Suppose -3*f + 174 + 45 = 5*h, 2*f = 4*h + 146. List the prime factors of f.
73
Let u(y) = y**2 - 11*y - 16. Let l be u(8). Let k = l - -71. List the prime factors of k.
31
Suppose -t + 16 = 4*h - 78, -218 = -3*t + 4*h. Let o = 66 + t. What are the prime factors of o?
2, 3
Let g(y) = -362*y + 110. List the prime factors of g(-5).
2, 3, 5
Let c(s) = -13*s - 108. List the prime factors of c(-23).
191
Let d(y) = 2*y - 2. Let g be d(3). Let x(k) = -3 + 3 + 6*k + g + 4 + k**2. What are the prime factors of x(-7)?
3, 5
Let m(l) be the second derivative of -11*l**3/3 + 5*l**2 + 35*l. What are the prime factors of m(-11)?
2, 3, 7
Let m(s) = 22*s**2 + 8*s - 51. List the prime factors of m(5).
7, 11
Suppose 0*z + 27 = 3*z. Suppose z*a = -4*a + 819. What are the prime factors of a?
3, 7
Let h be 8*2*1/8. Suppose 0 = 4*t - 16, 3*p + h*t = 25 - 2. Let y(b) = 3*b. List the prime factors of y(p).
3, 5
Let a(z) = z - 5. Let v be a(6). What are the prime factors of ((-174)/(-3))/(v + 1)?
29
Suppose 6172 = -52*s + 25204. List the prime factors of s.
2, 3, 61
Suppose -5 = q - 6. Let k(c) = 96*c**3 - 2*c**2 + 3*c - 2. What are the prime factors of k(q)?
5, 19
Suppose 2*q = -5*s + 1511, 0*s = -4*q - 5*s + 3027. List the prime factors of q.
2, 379
Suppose 0 = 4*v + 4 - 20. Suppose 348 = v*f + 64. What are the prime factors of f?
71
Let c(a) be the first derivative of -a**3/3 + a**2/2 + 2. Let s be c(-1). Let d = s - -15. List the prime factors of d.
13
Let m(c) = c**3 + 28*c**2 - 11*c + 40. What are the prime factors of m(-28)?
2, 3, 29
Let r = 5 + -4. Let z(f) = -2*f**2 + f - 1. Let l be z(r). Let i(s) = -15*s + 1. List the prime factors of i(l).
31
Let o(w) = 5*w**2 + 12*w + 43. What are the prime factors of o(-10)?
3, 47
Let k(v) = 4*v**3 - 7*v**2 + 12*v - 54. What are the prime factors of k(7)?
3, 353
Let b = 33 - 33. Let s(d) = -3*d + 43. List the prime factors of s(b).
43
Suppose -2*r = 5*g - 26 - 5, 43 = 5*r + g. List the prime factors of ((-80)/(-45))/r - (-376)/9.
2, 3, 7
Suppose 0*r = z + r + 4, 0 = z + 4*r + 4. Let a = 10 + z. Let o = 16 - a. List the prime factors of o.
2, 5
Let n(t) = t**3 - 2*t**2 - 2*t + 6. Let j be n(0). List the prime factors of (28/21)/(j/243).
2, 3
Suppose 96 = 13*p + 5. Let k(f) be the third derivative of f**5/20 - 13*f**4/24 - f**3/6 - f**2. What are the prime factors of k(p)?
5, 11
Suppose -5*d + 2*i - 30 = 0, -16 + 39 = -2*d + 3*i. Let j be (28/7)/(2/d). Let n = 35 - j. List the prime factors of n.
43
Let c(g) be the third derivative of 11/24*g**4 + 0*g**3 - g**2 + 1/30*g**5 + 0 + 0*g. What are the prime factors of c(-8)?
2, 5
Let y(t) = -2*t + 44. Let v = -23 - -14. List the prime factors of y(v).
2, 31
Let b = 72 - 36. Suppose s + b = 2*s. What are the prime factors of s?
2, 3
Let i(z) = -z**3 + 25*z**2 - z - 85. List the prime factors of i(18).
5, 433
Let q = -9 - -23. Let c = q - 9. Suppose 0 = 4*n + 5*y - 89, -n - 26 = -2*n - c*y. What are the prime factors of n?
3, 7
Let d(j) = 336 - 112 - 115 - 106 - 2*j. Let c be (0 + -1)*1 + -4. What are the prime factors of d(c)?
13
Let v be -25 - (2 - (3 + 1)). Let s = -13 - v. List the prime factors of s.
2, 5
Let c(t) = 148*t + 25. List the prime factors of c(3).
7, 67
Suppose w + 5*i = -39, 2*w - 2*i = -5*i - 50. Let s = w - -15. What are the prime factors of s/(-18) - (-259)/9?
29
List the prime factors of ((-688)/(-258))/(12/23589).
2, 2621
Let w(n) = n**2 - 3*n - 1. Let c be w(4). Suppose -3*o + 4*g + 70 = -o, 108 = c*o - 3*g. Suppose -3*j = -56 - o. List the prime factors of j.
31
Let r(f) = 93*f + 1. Let q be r(1). Let u(l) = -l**2 + 5*l + 14. Let b be u(6). Suppose b*x - 10*x = -q. List the prime factors of x.
47
Let u = -5 + 9. Let k be u*3/6 + 18. Let p = k + 1. What are the prime factors of p?
3, 7
List the prime factors of 1 + 40/6*165 + -1.
2, 5, 11
Suppose 4*h - 2092 = -4*o, o + 3*o + 20 = 0. List the prime factors of h.
2, 3, 11
Suppose -5*g = -3*g - a - 19, g + a - 2 = 0. Suppose -g*y = -6*y + 9. What are the prime factors of (0 + y)*(-40)/12?
2, 3, 5
Suppose -6*x + x + 3160 = 0. List the prime factors of x.
2, 79
Let r(m) be the first derivative of 56*m**3/3 + m**2/2 + m - 3. List the prime factors of r(-1).
2, 7
Let v(b) = 2*b**3 - 3*b**2 - 11. Let j be v(-3). Let k = j - -249. What are the prime factors of k?
157
Suppose -4*s + r = 252, 2*s + 4*r - 202 = 5*s. Let q = s + 85. What are the prime factors of q?
23
Suppose -5*q - 979 = 2*p, 5*p + 1204 = -5*q + 219. Let v = 111 + q. What are the prime factors of 24/v - 228/(-14)?
2
Let u(x) = 13*x + 3. Let h(f) = -40*f - 9. Let z(q) = -2*h(q) - 7*u(q). List the prime factors of z(-15).
2, 3
Let f(j) = -j + 9. Suppose -2*m + 2 = -0*m. Let c(h) = 1. Let z(b) = m*f(b) + 2*c(b). List the prime factors of z(9).
2
Let a be (-39)/5 + 4/(-20). Let r be 15/(-10)*40/(-6). Let v = r + a. List the prime factors of v.
2
Let w(z) = -z - 5. Let q be w(10). Let k be ((-216)/q)/(-4)*-5. Suppose -5*r - c + k = -67, -4*r = -4*c - 68. What are the prime factors of r?
17
Let u = -26 - -26. Suppose 2*t - 5*t + 9 = u. Suppose -2*s - 31 = -o, -6*o + 3*o + t*s + 96 = 0. List the prime factors of o.
3, 11
Let v(f) = -f**3 + 4*f**2 + 8*f + 11. List the prime factors of v(-10).
11
Let w(k) = k**2 - 18*k - 5. Let b be w(18). Let n(h) = -10*h - 5. Let a be n(b). Suppose 2*i - a = -3*u, -6*i + 55 = -i - 4*u. What are the prime factors of i?
3, 5
Suppose 0 = 3*a + 3*n + 49 - 7, 5*n = 0. Let v = a + 17. Suppose -34 = -v*h + 41. List the prime factors of h.
5
Suppose 29*v - 4*v - 2025 = 0. What are the prime factors of v?
3
Let u be -1 + 2 + 8 + -4. Suppose 0 = 3*q - u - 4. List the prime factors of q.
3
Let t(p) = -4*p**2 + 5*p + 5. Let i be (-4)/10 + (-115)/25. Let x be t(i). List the prime factors of (18/5)/((-16)/x).
3
Let h(s) = -s**3 - s**2 + 2*s + 2. Let d = -29 + 10. Let u = 17 + d. List the prime factors of h(u).
2
Let s be (-1007)/(-5) - 6/(-15)*-1. List the prime factors of (84/98)/(2/7) + s.
2, 3, 17
Let r = -2072 + 3534. What are the prime factors of r?
2, 17, 43
Suppose -3*x + 96 = -3*g, 0*g + 2*x - 96 = 3*g. List the prime factors of g/(-6)*(-42)/(-8).
2, 7
Suppose 11485 = -13*t + 18*t. List the prime factors of t.
2297
Let f = -21 - -81. List the prime factors of f.
2, 3, 5
Let o = -61 - -63. Suppose -29 = -o*v + 139. List the prime factors of v.
2, 3, 7
Let x(q) = 82*q**2 + 1. Let r be x(-2). Let k be 1/(-1) + -1 + (3 - 1). Suppose k = p - 3*o - 38, 3*o + 102 = -4*p + r. What are the prime factors of p?
53
Suppose -1032 = -7*v + 3700. List the prime factors of v.
2, 13
Suppose -73 = -y + 4*r + 401, y - 476 = 3*r. List the prime factors of y.
2, 241
Let v(r) = 3*r**2 - 10*r. Let h be v(-7). Suppose 0 = -7*t + h + 175. What are the prime factors of t?
2, 7
List the prime factors of 7*1 + (2429 - 43).
2393
Let k = 36 + -22. Suppose 0 = 4*a + k - 426. What are the prime factors of a?
103
Let m(l) = 12*l**2 - l + 12. What are the prime factors of m(4)?
2, 5
Suppose 4*y = -2*y + 30. Suppose -y*i + 239 = -111. List the prime factors of i.
2, 5, 7
Let c be (2 + 38 + 3)/(-1). Let t be ((-28)/(-2))/((-2)/3). Let n = t - c. List the prime factors of n.
2, 11
Let p = 170 - 48. Suppose q - 18 = -2*m, 0*q - 2*m + p = 5*q. List the prime factors of q.
2, 13
Let h(q) = -q**2 - q - 1. Let y(t) = -t**3 - 5*t**2 - 4*t + 54. Let o(l) = -5*h(l) 